uppose -3*y = -b*y + 75. Suppose 4*m + y - 147 = 0. List the prime factors of m.
3, 11
Let b(f) = 10*f**2 - 29*f + 73. What are the prime factors of b(19)?
2, 3, 29
Suppose -2*n + 4 - 14 = 0, 0 = -2*d - n + 309. List the prime factors of d.
157
Let o(h) = -33*h**3 + h**2 + h - 1. Suppose a + 0*b + 5*b - 4 = 0, -2*a = 2*b. What are the prime factors of o(a)?
2
Let s = 22 - 19. Suppose 8 = -s*k + 17. Suppose -5*j + j - k*y = -65, 4*j + 2*y = 70. List the prime factors of j.
2, 5
Suppose 0*h + 24 = -4*h. Let f(q) be the first derivative of q**4/4 + 5*q**3/3 - 4*q**2 - 6*q - 77. What are the prime factors of f(h)?
2, 3
Suppose -4*j + 4 = -2*j. Let h = j - 7. What are the prime factors of (4/h)/(2/(-5))?
2
Let t = -12 - -8. Let o(u) = -5*u**2 - 5*u - 3. Let q be o(t). What are the prime factors of (-18)/q + (-19)/(-7)?
3
Suppose n + 2*n + 5*d + 9 = 0, 3*n - 21 = 5*d. Suppose 0 = -15*q + 17*q - 8. Suppose 5*x - 173 = -q*g, -g + 176 = 5*x + n*g. What are the prime factors of x?
37
What are the prime factors of (-2)/12 - (-2 + 2020/(-24))?
2, 43
Let f(p) = -12*p + 1. Let u = 24 + -7. Let r = u - 19. What are the prime factors of f(r)?
5
Let o = -350 - -866. List the prime factors of o.
2, 3, 43
Let b be (-6)/9*1*-3. Let t be (-12 + -1)*(-1 - b). Let z = -15 + t. What are the prime factors of z?
2, 3
Suppose -8*h = -17*h + 3213. Let a = h + -214. List the prime factors of a.
11, 13
Suppose 4*l = 5946 - 1838. What are the prime factors of l?
13, 79
Let k(h) = 44*h**2 - 8*h - 29. List the prime factors of k(-4).
7, 101
Suppose 0 = -24*m + 19*m + 55. Suppose -m*u + 677 = -2073. List the prime factors of u.
2, 5
Let u = -1237 - -2490. What are the prime factors of u?
7, 179
List the prime factors of (-15450)/(-27) - (190/45 - 4).
2, 11, 13
Suppose -3 = 4*f - 3*n + 2*n, -4*f - 5*n + 15 = 0. Suppose -5*b = -a + 7, f = -3*a - a - 3*b - 18. What are the prime factors of (7 - 0) + a/1?
2
Suppose 0*v - 8 = -2*v. Suppose -v = -d + 8. What are the prime factors of d?
2, 3
Let a(p) = 3*p - 20. Let g be a(9). Let f(v) = v - 5. Let m be f(g). Suppose -2*s = -3*w - 69, -5*s + 204 = m*w + 22. List the prime factors of s.
2, 3
Suppose 0 = -10*g + g + 18. Suppose 2*k + 28 = -3*x + 534, 3*x = g*k + 526. List the prime factors of x.
2, 43
Let i = -537 + 1138. List the prime factors of i.
601
Suppose 3*j + 6*i = 2*i + 4848, -4830 = -3*j + 2*i. List the prime factors of j.
2, 13, 31
Let d(r) = -r**3 + 4*r**2 + 6*r - 4. Let o be d(5). Suppose -4*i + 3*f - o = -22, 0 = 2*i + 5*f - 17. List the prime factors of 6 + 0/(i + -2).
2, 3
Suppose 0 = 4*m + 3*h - 2432, 4*m - 4*h + 9*h = 2424. What are the prime factors of m?
13, 47
Suppose -4*a = -2*z - 2242, 3*a - 3*z = -7*z + 1665. List the prime factors of a.
13, 43
Let f = -726 + 1232. Suppose 61*n - 59*n - f = 0. What are the prime factors of n?
11, 23
Suppose -5*s + 3576 = 5*z + 456, 0 = -2*s - 4*z + 1248. What are the prime factors of s?
2, 3, 13
Let i(b) = -5*b - 2. Let l be i(4). Let k = 38 + l. Suppose -62 = -y - k. What are the prime factors of y?
2, 23
Let x = 0 + 2. Suppose -2*m - x*r = 10, -4*m + r = 6*r + 22. What are the prime factors of (m - 20/(-8))*-4?
2
Let u(b) = -3*b + 26. Let t be u(7). Let o(r) = 16*r - 14. What are the prime factors of o(t)?
2, 3, 11
Let w(f) = 16*f - 2. Let r be w(-1). Let a = r + 110. What are the prime factors of a?
2, 23
Let t(p) = -4*p**2 - 8*p + 20. Let b(v) = -3*v**2 - 9*v + 19. Let u(o) = 5*b(o) - 4*t(o). Let r be u(10). List the prime factors of 5/(r/(-9))*1.
3
Suppose 0 = 3*t + c + 4*c - 9, t = -3*c + 3. Suppose t*h - 75 = -0*h. Let i = 49 - h. What are the prime factors of i?
2, 3
List the prime factors of (-93236)/(-352) + ((-30)/16 - -2).
5, 53
Let u(q) = 459*q**2 + 11*q + 29. What are the prime factors of u(-2)?
19, 97
List the prime factors of -2*(13830/4)/(-15).
461
Let w(v) = -v**3 - 8*v**2 + 19*v + 46. List the prime factors of w(-12).
2, 197
Suppose 721 = 75*u - 68*u. List the prime factors of u.
103
Let y(x) = x**2 + 3*x + 2. Let o be y(-3). Suppose -o*b = -6*b + 400. Suppose -3*t - 52 = -2*u - 5*t, -t = -5*u + b. List the prime factors of u.
3, 7
Let h(s) = 6*s**3 + 3*s**2 + 30*s - 34. List the prime factors of h(6).
2, 5, 31
Suppose -5*f + 2412 = 3*c, 10*f = 5*f - c + 2414. List the prime factors of f.
3, 7, 23
What are the prime factors of (72/(-20))/(4/(-1340))?
2, 3, 67
Suppose 0 = -5*c + 3*o + 9934, -2179 = -5*c + 2*o + 7752. What are the prime factors of c?
5, 397
Let s = -24 + 26. Suppose -5*d = -4*a - 1265, d - 3*a - 759 = -s*d. What are the prime factors of d?
11, 23
Suppose -4*x + 12 = 4*n, 2*n - 2*x + 4 = -2. Suppose -q + 5 = 2*m, m = -5*q - 38 + 99. Suppose n*z - q = -z. List the prime factors of z.
13
Let u(b) = 117*b**2 - 7*b - 17. List the prime factors of u(-4).
7, 269
Suppose 7*c = -10 - 4. What are the prime factors of c/6 - 1280/(-15)?
5, 17
Suppose 0 = -9*d + 271 + 287. Suppose m - 3 - d = 0. List the prime factors of m.
5, 13
Suppose 3*f = -f + 3*o - 11, 0 = f - 5*o - 10. Let n = f - -8. Suppose 5*u - 62 = -3*k + 33, -n*u + 4*k + 28 = 0. List the prime factors of u.
2
Suppose -1400 - 970 = -5*j. List the prime factors of j.
2, 3, 79
List the prime factors of (-6)/(-14) + 62/(-14) - -487.
3, 7, 23
Let a be 4 - (-3)/((-15)/395). Let m = a + 114. What are the prime factors of m?
3, 13
Let w(m) = -4*m**3 - 4*m**2 - 6*m - 4. Let h = -36 - -34. What are the prime factors of w(h)?
2, 3
Let t = -464 + 1033. What are the prime factors of t?
569
Suppose 2*y - 2*f - 506 = 0, f + 817 = 4*y - 189. What are the prime factors of y?
251
Let n(m) = -m**3 - 5*m**2 + 6*m + 6. Let f(p) = p**3 + p**2 + 2*p + 2. Let k be f(-2). What are the prime factors of n(k)?
2, 3
Let v(j) = 50*j + 96. What are the prime factors of v(6)?
2, 3, 11
Suppose -3*v - 36 = 3*v. Let n be (-169)/v - 2/12. Suppose 3*b - n - 161 = 0. List the prime factors of b.
3, 7
Suppose -d = -5*v + 16, -4*d + 4*v - 14 - 2 = 0. List the prime factors of 2 - d - 3/((-3)/113).
2, 29
Let o be (-2)/(-8)*0 - 0. Let k = 31 - o. Suppose c = -12 + k. List the prime factors of c.
19
Let v(f) = f**2 - 6*f - 2. Let j be v(-4). Let r = j + -9. List the prime factors of r.
29
Let z = 333 - 184. Let j = 182 - z. List the prime factors of j.
3, 11
Let n(l) = l**2 + 11*l - 534. What are the prime factors of n(47)?
2, 137
Suppose -273 = 4*x - 1133. Let v be 2/(-4) - 5/(-10). Suppose -2*j = -5*p + 206, v = -5*p + 2*j + 3*j + x. List the prime factors of p.
2, 5
Suppose 4*h - 7887 = 3*c, -2*h - 1958 = -3*h - 2*c. List the prime factors of h.
2, 3, 41
Suppose 5*o + 2 = 7*o. Let x be (-3)/(-24) + o/(-8). Suppose 3*y - 4*g + 2*g = 58, x = -4*g + 16. List the prime factors of y.
2, 11
Let y(f) be the first derivative of f**2/2 - f + 3. Let a be y(4). Suppose -4*u - 3*r = -113, -u - 5*r + 119 = a*u. What are the prime factors of u?
2, 13
Suppose -4*h + 9*h = 65. Suppose 3*p - u + 27 = 0, -3*u + u - 18 = 2*p. Let k = h + p. List the prime factors of k.
2
Suppose 0 = -3*r - 143 - 220. Let k = r + 233. List the prime factors of k.
2, 7
Let m(v) be the third derivative of -1/60*v**5 + 6*v**2 - 3/2*v**3 + 0 + 5/8*v**4 + 0*v. List the prime factors of m(8).
47
Let w(f) = 10 + f + 0*f + 0*f. Suppose l + 2 = 2. What are the prime factors of w(l)?
2, 5
Let k(h) = -h**3 - 6*h**2 - 8*h - 11. Let l be k(-5). Suppose 2*a = 0, -a - 7 = l*v + 17. Let c(y) = y**2 + 4*y - 4. What are the prime factors of c(v)?
2
Suppose -52 = 4*s - 0*s - v, 4 = -2*s - 5*v. List the prime factors of (-107)/((s/(-4))/(-3)).
107
Let p(h) = h. Let s(q) = q**2 + 9*q + 18. Let x(o) = -p(o) + s(o). List the prime factors of x(-12).
2, 3, 11
Let n = -11 + 19. Let k be ((-8)/(-3))/(n/(-72)). What are the prime factors of (-4)/k - (-790)/12?
2, 3, 11
Suppose -2*v + 12 = -5*v. List the prime factors of 1 - (1 + (-57 - v)).
53
Let i(d) = 1131*d - 246. List the prime factors of i(2).
2, 3, 7
Let m = -239 - -465. Let w = -71 + m. Suppose 5*u + 135 = 2*g, u = 3*g + 3*u - w. What are the prime factors of g?
5, 11
Suppose -5*p = 3 + 22. Let d = p + -19. Let l = 48 + d. What are the prime factors of l?
2, 3
Let w be (-6 + 6)/((2/1)/1). Suppose 2*z - 12*z + 290 = w. List the prime factors of z.
29
List the prime factors of 98 + (5 - -4) + -7.
2, 5
Let t(y) = y**2 - 5*y + 9. Let j b